{"id":971,"date":"2025-06-27T13:40:47","date_gmt":"2025-06-27T13:40:47","guid":{"rendered":"https:\/\/slategray-falcon-966820.hostingersite.com\/?post_type=our-team&#038;p=971"},"modified":"2025-08-07T07:10:24","modified_gmt":"2025-08-07T07:10:24","slug":"tilly-hofstetter","status":"publish","type":"our-team","link":"https:\/\/mindergyvr.com\/sv\/our-team\/tilly-hofstetter\/","title":{"rendered":"Tilly Hofstetter"},"content":{"rendered":"<p>Jag heter Tilly och hj\u00e4lper till att f\u00f6rverkliga v\u00e5ra visioner genom att skapa kampanjer, hantera sociala medier<br \/>\nsamt ta fram marknadsf\u00f6ringsmaterial och grafik. Med en passion f\u00f6r storytelling bidrar jag till att g\u00f6ra<br \/>\nmindfulness och mental \u00e5terh\u00e4mtning tillg\u00e4ngligt f\u00f6r arbetsplatser, kliniker och evenemang \u2013 och ser till att<br \/>\nMindergys budskap n\u00e5r fram.<\/p>","protected":false},"excerpt":{"rendered":"<p>Marketing &#038; Creative coordinator<\/p>","protected":false},"featured_media":1489,"parent":0,"template":"","meta":{"_acf_changed":false},"class_list":["post-971","our-team","type-our-team","status-publish","has-post-thumbnail","hentry"],"acf":[],"jetpack_sharing_enabled":true,"_links":{"self":[{"href":"https:\/\/mindergyvr.com\/sv\/wp-json\/wp\/v2\/our-team\/971","targetHints":{"allow":["GET"]}}],"collection":[{"href":"https:\/\/mindergyvr.com\/sv\/wp-json\/wp\/v2\/our-team"}],"about":[{"href":"https:\/\/mindergyvr.com\/sv\/wp-json\/wp\/v2\/types\/our-team"}],"wp:featuredmedia":[{"embeddable":true,"href":"https:\/\/mindergyvr.com\/sv\/wp-json\/wp\/v2\/media\/1489"}],"wp:attachment":[{"href":"https:\/\/mindergyvr.com\/sv\/wp-json\/wp\/v2\/media?parent=971"}],"curies":[{"name":"wp","href":"https:\/\/api.w.org\/{rel}","templated":true}]}}

<p>Jag heter Tilly och hjälper till att förverkliga våra visioner genom att skapa kampanjer, hantera sociala medier<br />
samt ta fram marknadsföringsmaterial och grafik. Med en passion för storytelling bidrar jag till att göra<br />
mindfulness och mental återhämtning tillgängligt för arbetsplatser, kliniker och evenemang – och ser till att<br />
Mindergys budskap når fram.</p>
